**2 - 2. Determine g(l).
0
Let n(q) = 5*q**2 + q + 4. Let s(z) = -12*z - 183. Let k be s(-15). What is n(k)?
46
Suppose 17*x = 22*x - 10. Suppose -x*k + 4 - 6 = 0. Let c(z) = -1 - z + 7*z**2 + 3*z + 2. Determine c(k).
6
Let d(j) = 8*j + 21. Let c(i) = -12*i - 30. Let w(g) = 5*c(g) + 7*d(g). Give w(-4).
13
Let u(l) be the second derivative of -l**3/3 + 17*l**2/2 - 841*l. Calculate u(9).
-1
Let g(f) = -7*f**2 + 8*f + 2. Let i(q) = -10*q**2 + 12*q + 3. Let w(u) = -7*g(u) + 5*i(u). Suppose -5*y - 5*m + 14 = -3*m, -2*y + 2*m + 14 = 0. What is w(y)?
1
Let l(p) be the third derivative of p**5/60 + p**4/24 - 19*p**3/3 + 33*p**2 + 2*p. What is l(0)?
-38
Let p(b) be the first derivative of -b**2 - 1/3*b**3 - 3 - 5*b. Calculate p(-4).
-13
Let v(t) = 3*t**3 - 4*t**2 + 6*t - 3. Let i(c) = c**3 + 2*c. Let x(n) = -5*i(n) + v(n). Suppose -8 = 4*p + 2*j + 8, -2*p + 3*j + 8 = 0. What is x(p)?
5
Let z(n) be the third derivative of n**4/24 + n**3 + 5*n**2 + 20*n. Suppose 0 = 4*r - 0*r. What is z(r)?
6
Let g(w) = 7*w. Let d = 36 + -32. Let r be (2 - (2 + d)) + (-3)/(-1). Give g(r).
-7
Let q(u) = u**2 - 6*u - 7. Let j be q(7). Suppose 0 = 3*w - j*w + 4*m + 29, 2*w - m + 1 = 0. Let o(d) = -d**2 - 2*d + 4. Determine o(w).
1
Let k(f) = 2 - 3*f**2 - f - 5*f**3 + 4*f**3 + 2*f**3 - 1. Let v(l) = l**3 - 4*l**2 - 8*l + 6. Let z be v(5). Let p = 12 + z. Calculate k(p).
-2
Let o(x) = 7*x**2 - 4*x + 2. Suppose 4*g - 6 = y, -g - 3*g = -4*y. Give o(g).
22
Let q = 17 + -26. Let k(u) = -u**3 - 9*u**2 + u + 6. Let h be k(q). Let d be (-32)/24 - 16/h. Let i(n) = n**3 - 3*n**2 - 4*n - 4. Calculate i(d).
-4
Let l(t) be the third derivative of t**9/20160 - t**8/10080 + t**7/1680 - t**6/240 - t**5/6 + 2*t**2. Let u(s) be the third derivative of l(s). Give u(2).
19
Let n = 10 - 8. Let g(m) = -17*m + 16*m + 2*m**n - 3*m**2. Calculate g(1).
-2
Let x(l) be the third derivative of -l**6/120 - l**5/60 - l**4/24 - l**3/6 + l**2 + 317. What is x(0)?
-1
Let t(s) be the second derivative of 0 - 2*s**2 - 1/6*s**3 - 5*s. Let p be (-15)/3 + -4 + 4. Calculate t(p).
1
Let b(l) = l**3 + 4*l**2 - 2*l - 3. Let x = 222 + -225. Determine b(x).
12
Let g(u) = -5*u + 6. Let y(d) = 2*d**2 + 6*d - 8. Let x be y(-4). Suppose -r - 2*s + 10 = -x*r, 0 = -r - 3*s + 12. Determine g(r).
-24
Let v(c) = -c**3 - 2*c**2 + c. Let t be 128/6 - 3/9. Let l be -1*5*t/(-7). Let u be (-9)/l - (-14)/(-10). Determine v(u).
-2
Let q(c) = -12*c**3 - 1. Suppose -14*j - 7 = 7. Determine q(j).
11
Suppose -2*u - 14 = -7*u - s, 5*s = -3*u + 4. Let r(p) = -2*p**2 - 4*p. Calculate r(u).
-30
Let v(p) = p - 7*p**2 - 2*p**2 - p**3 + 11*p**2 - 8. Let w be v(2). Let b(m) = m + 2. What is b(w)?
-4
Let u(q) be the second derivative of -q**3/6 - 5*q**2/2 - 699*q. Suppose 3*n = r + 6*n + 3, 5*r - 39 = 3*n. Give u(r).
-11
Let h(z) = -23*z - 23. Let w(m) = 20*m + 21. Let q(d) = 8*h(d) + 9*w(d). What is q(4)?
-11
Let i(o) = 3*o**3 + 2 - 4*o**3 - 591*o + 3*o**2 + 596*o. Let d be (-1)/((-2)/(-4)) + 6. Determine i(d).
6
Let o(t) = t**2 + 11*t - 5. Let k be 2 - ((-40)/(-2) + -7). What is o(k)?
-5
Let m(p) = p + 5. Let u be 8/18 - 552/(-216). Let f be (-2)/8 - (-2)/8. Suppose f = t + u*t. Determine m(t).
5
Suppose -13*b - 12 = 53. Let y(d) = -3*d - 10. What is y(b)?
5
Let x(l) = 12*l - 436. Let d be x(36). Let p(n) = 4 - n**3 + 0*n - 3*n**2 + 4*n - n. What is p(d)?
8
Let o(j) be the third derivative of -j**6/120 - 2*j**5/15 - 7*j**4/24 + 3*j**3/2 - 49*j**2. What is o(-7)?
9
Let p(t) = -t + 16. Suppose 6*h - 12 = -i + h, 5*h - 33 = -4*i. Let r be p(i). Suppose 3 = l + r. Let z(o) = -o**3 - 5*o**2 + 4*o - 8. What is z(l)?
4
Let m(c) = -c**2 - c + 2. Let x(v) = -v**2 + 6*v + 9. Let u be x(7). Suppose 4*i = -j - 9, j + i + 6 = -0. Let w = u + j. Give m(w).
-4
Let x(d) = -5*d**2 + 5*d - 7. Let w(c) = c**2. Let g(z) = -6*w(z) - x(z). Let k(p) be the first derivative of g(p). Let o be 6/(-27) + 43/(-9). Give k(o).
5
Let f(r) be the first derivative of 0*r + 4 - 3/2*r**2 + 5/3*r**3 - 1/2*r**4. What is f(3)?
-18
Let i(p) = -8*p - 1. Suppose 5*q = -r - 7 - 7, -2*q - 32 = -2*r. Let v be 2/r - 1242/(-66). Let w = 20 - v. What is i(w)?
-9
Let v(t) = -1206*t + 6 + 1205*t + 2. Let z = -198 + 205. What is v(z)?
1
Let w = 10 - 4. Let h(u) be the second derivative of u**4/12 - 7*u**3/6 + 5*u**2/2 + 2*u + 61. What is h(w)?
-1
Suppose -3*m = 5*a - 9*a + 9, 4*m = a + 1. Let l(g) = 26*g**2. What is l(m)?
26
Suppose -12 = -u - 10. Let r(w) = -w + 0*w**u - 42 + 39 + w**2 + 2*w. What is r(4)?
17
Let g = -21 - -23. Let i be (g/(4/(-1)))/(5/(-20)). Let t(s) be the first derivative of s**4/4 - 5*s**3/3 + s**2 - s + 1. Calculate t(i).
-9
Let u = -324 - -327. Let h(g) be the second derivative of 2*g + 7/2*g**2 + 1/3*g**u + 0. What is h(-5)?
-3
Let w(b) be the second derivative of b**3/6 - b**2/2 - b. Let m be ((-4)/(-3))/(32/720). Suppose 4*a = -2*a - m. Give w(a).
-6
Let q(j) = -3 - 87*j + 1 + 86*j. Let a be (4/6)/((-2)/9). Calculate q(a).
1
Let o(q) = -5*q**2 - 3*q + 1. Let v = -1 + 6. Let j(u) = -6*u**2 - 4*u + 1. Let z(c) = v*o(c) - 4*j(c). Suppose -3*r = -0*g + g - 2, 2 = 2*r. Give z(g).
-1
Let x(b) = 26*b - 8. Let o(v) = -9*v + 3. Suppose 13*w = 10*w + 33. Let m(f) = w*o(f) + 4*x(f). Give m(-1).
-4
Suppose -87*o + 22*o = -520. Let r(i) = -i**2 + 9*i - 1. Give r(o).
7
Suppose -4*i = -3*s + 28, 4*s - 11 - 21 = 4*i. Suppose 2 = 5*q - s*q. Let g(d) = -86*d**3 - 3 + q + 87*d**3 - 3*d + 0*d. Determine g(-2).
-3
Let f(w) be the second derivative of w**7/280 + w**6/360 - w**4/24 + 17*w**3/6 - 20*w. Let b(n) be the second derivative of f(n). Give b(1).
3
Let h(x) be the first derivative of x**4/4 + x**3/3 - x**2/2 + x - 107. Calculate h(0).
1
Let r(g) be the first derivative of 2*g**2 + 28*g - 13. Let a(w) = 3*w + 19. Let t(d) = 7*a(d) - 5*r(d). Calculate t(-6).
-13
Let p(i) = -i**3 + 8 + 0*i**2 - 4*i**2 - 2*i**2 - 7*i + 8*i. Let q be p(-6). Let b(g) = -3 - q - 32*g + 31*g. Calculate b(-5).
0
Let w(k) be the first derivative of k**2 - 5. Let g(u) = -u + 6. Let o(a) = a - 7. Let d(h) = -3*g(h) - 2*o(h). Let v be d(5). Calculate w(v).
2
Let s(r) be the third derivative of r**4/12 + 3*r**3/2 + r**2. Let g be s(-8). Let j(p) = -5 + 672*p - 4 - 1342*p + 667*p - 1. Determine j(g).
11
Let g(o) be the second derivative of o**3/3 - 5*o**2 - 54*o. Calculate g(3).
-4
Suppose 11*k + 303 - 215 = 0. Let l(h) be the second derivative of -h**5/20 - 2*h**4/3 - h**3/3 - 3*h**2 + h. What is l(k)?
10
Let d(y) = y**3 - 5*y**2 - 3*y + 3. Suppose -16 = -4*x + 2*q, -q = -4*x + x + 13. Suppose -x*r + 52 = -158. Suppose -5*i = -r + 17. Calculate d(i).
-12
Let i(d) = -d**3 - 7*d**2 - 3*d - 2. Let l = 79 - 48. Suppose j - 25 = -l. Give i(j).
-20
Suppose 9 = 3*s - 9. Suppose s*p + 16 = 2*p. Let f(d) = 2*d**2 - 5 - 7*d - 2*d**2 - d**2. What is f(p)?
7
Let b(c) be the third derivative of 0*c + 0 - 1/20*c**5 + 1/6*c**3 - 4*c**2 + 1/24*c**4. Suppose -2*n - 7 + 5 = 0. What is b(n)?
-3
Suppose 4*b - 69 = 19. Let s(u) = 10 + 5*u - b + 8. Give s(4).
16
Let s(u) = u**3 + 14 - 9*u**2 + 0 - 11 + 0*u**3 + 7*u. Determine s(8).
-5
Let c(g) = -g**3 + g**2 - g - 1. Let h(l) = -l**2 - 6*l - 3. Let a be h(-5). Let o be (-6)/6*a*(-2)/(-4). What is c(o)?
2
Let s(d) be the third derivative of 1/24*d**4 - 19*d**2 + 0*d + 0 + 5/6*d**3. Give s(-5).
0
Let s(m) be the first derivative of -38*m**3/3 + 208. Give s(-1).
-38
Let f(y) = 9*y - 13. Let x(d) = d**2 + 50*d + 187. Let b be x(-4). Determine f(b).
14
Let k(t) = 3*t + 6. Suppose -10*s + 13*s - 9 = 0. Let j(x) = 4*x + 7. Let n(y) = s*k(y) - 2*j(y). Calculate n(-5).
-1
Let m(d) = 7*d - 10. Let l(v) = -3*v + 5. Let r(b) = -9*l(b) - 4*m(b). Suppose -3 = -2*y + 5*y. Let i be -1 + y + -1 + 0. Calculate r(i).
-2
Let g = 5 - 8. Let a be 0*(-1 - g/6). Let c(t) = 9*t**3 + 14*t**2 - 10*t + 11. Let v(w) = 2*w**3 + 3*w**2 - 2*w + 2. Let s(r) = c(r) - 5*v(r). Give s(a).
1
Let d(n) = -18902 - 2*n - 2*n**2 - 2*n**3 + 18902. Calculate d(-2).
12
Suppose 3*o + 5*z - 3 = 16, -5*z - 13 = -o. Let x(g) = -7 + 2*g + 3 - 5 - 1. Let a be x(o). Let i(k) = -k**3 + 6*k**2 - k + 4. Give i(a).
-2
Let w = 6337 - 6333. Let b(z) = 6*z - 3*z - 7*z**2 + z**3 - 5 + 3*z**2. Give b(w).
7
Let o be 9/(-18)*(-4 - -2). Let s(v) = -22*v + 10*v + 10*v - o. Let i be (-3 + 2)/(0 + 1). What is s(i)?
1
Let j(f) = -3*f - 2. Let i(d